{"id":4848,"date":"2016-06-22T14:15:49","date_gmt":"2016-06-22T19:15:49","guid":{"rendered":"http:\/\/store.randallhouse.com\/?post_type=product&#038;p=4848"},"modified":"2023-09-12T14:38:50","modified_gmt":"2023-09-12T19:38:50","slug":"gracia-fe-libre-albedrio","status":"publish","type":"product","link":"https:\/\/store.randallhouse.com\/e1uf29gi\/product\/gracia-fe-libre-albedrio\/","title":{"rendered":"Gracia, Fe &#038; Libre Albedrio"},"content":{"rendered":"<p>Este es la traducci\u00f3n al espa\u00f1ol de <a href=\"http:\/\/store.randallhouse.com\/product\/grace-faith-free-will\/\"><em>Grace, Faith, and Free\u00a0Will<\/em><\/a>. Fue traducido por Ron Callaway, con ayuda editorial de\u00a0Jos\u00e9 Rodr\u00edguez. En esta obra, Picirilli repasa la discusi\u00f3n de temas que han dividido el Calvinismo y el Arminianismo desde la Reforma. Jacobus Arminius, te\u00f3logo holand\u00e9s del siglo 16, cuestion\u00f3 las ideas dominantes teol\u00f3gicas presentadas por el bien conocido reformador protestante Juan Calvino y sus disc\u00edpulos. Hist\u00f3ricamente, Arminio ha sido malentendido frecuentemente y a menudo re-interpretado tanto por amigos como oponentes.<div class=\"woo-sc-hr\"><\/div><\/p>\n<p><strong>Robert E. Picirilli<\/strong> termin\u00f3 sus estudios en Welch College (B.A.) y Bob Jones University (M.A., Ph.D) y pas\u00f3 su carrera como profesor, y en administraci\u00f3n acad\u00e9mica en Welch. Su especialidad fue el Nuevo Testamento en griego. Es autor o co-autor de libros publicados por Moody Press, Thomas Nelson y Randall House. Sus obras incluyen <em>Teacher, Leader, Shepherd <\/em>(Maestro, L\u00edder y Pastor) y <em>Discipleship <\/em>(el Discipulado). Tambi\u00e9n ha escrito art\u00edculos publicados en revistas teol\u00f3gicas y funge como Editor General de la serie Randall House Bible Commentaries (Comentarios B\u00edblicos de la Casa Randall de Publicaciones). El Dr. Picirilli tambi\u00e9n ha servido como presidente de la Accrediting Association of Bible Colleges (La Asociaci\u00f3n Acreditador de Institutos B\u00edblicos) y moderador de la National Association of Free Will Baptists.<\/p>\n","protected":false},"excerpt":{"rendered":"<p>Un Contraste de los Puntos de Vista Soteriol\u00f3gicos Entre\u00a0el Calvinismo y el Arminianismo<\/p>\n","protected":false},"featured_media":4849,"template":"","meta":{"wds_primary_product_brand":0,"wds_primary_product_cat":0},"product_brand":[],"product_cat":[10,171,36],"product_tag":[170],"class_list":{"0":"post-4848","1":"product","2":"type-product","3":"status-publish","4":"has-post-thumbnail","6":"product_cat-books","7":"product_cat-spanish","8":"product_cat-theologydoctrine","9":"product_tag-randall-house","11":"first","12":"instock","13":"sale","14":"taxable","15":"shipping-taxable","16":"purchasable","17":"product-type-simple"},"_links":{"self":[{"href":"https:\/\/store.randallhouse.com\/e1uf29gi\/wp-json\/wp\/v2\/product\/4848","targetHints":{"allow":["GET"]}}],"collection":[{"href":"https:\/\/store.randallhouse.com\/e1uf29gi\/wp-json\/wp\/v2\/product"}],"about":[{"href":"https:\/\/store.randallhouse.com\/e1uf29gi\/wp-json\/wp\/v2\/types\/product"}],"wp:featuredmedia":[{"embeddable":true,"href":"https:\/\/store.randallhouse.com\/e1uf29gi\/wp-json\/wp\/v2\/media\/4849"}],"wp:attachment":[{"href":"https:\/\/store.randallhouse.com\/e1uf29gi\/wp-json\/wp\/v2\/media?parent=4848"}],"wp:term":[{"taxonomy":"product_brand","embeddable":true,"href":"https:\/\/store.randallhouse.com\/e1uf29gi\/wp-json\/wp\/v2\/product_brand?post=4848"},{"taxonomy":"product_cat","embeddable":true,"href":"https:\/\/store.randallhouse.com\/e1uf29gi\/wp-json\/wp\/v2\/product_cat?post=4848"},{"taxonomy":"product_tag","embeddable":true,"href":"https:\/\/store.randallhouse.com\/e1uf29gi\/wp-json\/wp\/v2\/product_tag?post=4848"}],"curies":[{"name":"wp","href":"https:\/\/api.w.org\/{rel}","templated":true}]}}